(-126 - (-255 + 125)).
-45
Evaluate -4238 + 4257 - (-1 - 30).
50
Calculate (34 - (65 - (-31 - -67))) + 101.
106
Evaluate (92 - 80) + (-26 - (-1 + 9)).
-22
Evaluate (-50 - -50) + -62 + 101.
39
Calculate -7 - (-1 - 0) - (-80 + 73) - -17.
18
Calculate -28 + 8 + 10 - 15 - (5 - -4).
-34
Evaluate (28 - 29) + -14 + 17.
2
What is the value of 24 + (-54 - -19) + -14 + (-2 - -2)?
-25
Calculate -5 - -2 - 31 - (-219 - -208).
-23
What is 40 + (-71 - -145) + -68?
46
-48 + -1 + (106 + -53 - 28)
-24
What is 108 + -1 + 0 + (-63 + -25 - -80)?
99
(1 - -7) + (-71 - (-30 + -38)) + -46
-41
What is the value of (-6 - -5 - 0) + 36 + (-28 - 8)?
-1
Evaluate 5 - 2 - -1 - (-25 - 8 - -33) - -27.
31
What is (-533 - -91) + 444 - (-1 + (2 - -83) + 1)?
-83
Calculate 2 + -88 - ((-29 - -2) + (-69 + 73 - -9)).
-72
-1541 + 1545 + (1 + 1 + 0 - (4 - 32))
34
What is 110 + -43 - -16 - 102?
-19
What is the value of 45 - (104 + -53) - 75?
-81
Evaluate (56 - -26 - 28 - 23) + 6 + -15.
22
What is (-5 - (4 - 2)) + (-26 + -27 - 9) - -10?
-59
Evaluate -1 + -5 - (6 + 21 + 3 + -13 + -13).
-10
What is (33 - 19 - 1) + (1 - -49) + (-12 - -2)?
53
Calculate (7 - 0) + 2 + 26 + (73 - 83) - -3.
28
What is 185 + -36 + -134 + 113 + -1?
127
What is the value of -281 + 318 + -69 + 0 - 59?
-91
0 + (77 + -72 - (-2 - -4)) + 5 + -37
-29
Calculate (4 - (5 + 5) - -1) + (709 - 614).
90
What is the value of 23 + (13 - (13 + -11)) - -12?
46
Evaluate (10 - -1 - (-3 - 7 - -12)) + 11.
20
What is 133 + (131 + -9 - 122)?
133
Evaluate -69 - -34 - (47 + -36).
-46
What is the value of 8 - ((16 + 15 - -13) + -15 - (2 + -5))?
-24
Evaluate (-11 - -13 - 17) + (17 - -30).
32
(75 - 1 - ((-16 + -16 - -19) + -2)) + 1
90
Evaluate (-28 + 61 - 7 - (-2 + 1)) + 9 + -2.
34
Calculate 0 + -75 + 64 + -35.
-46
Evaluate 0 - -36 - ((-21 - 104) + 113).
48
Calculate 6 + -35 - (3 + 10 + -4 - 9).
-29
Calculate 14 + -1 - (-13 - (4 - -27 - 14)).
43
Evaluate 33 + 21 + -73 - -64.
45
Calculate -167 + (-148 - -20 - -153).
-142
-116 - (-96 - 7) - (0 + 1 + -17)
3
What is 2 + -5 - -5 - (14 - (12 + 25))?
25
What is the value of 1722 - 1753 - (-2 + -80)?
51
What is the value of 5 - (21 - (15 - 2)) - (-1 + 32)?
-34
Evaluate (-4 - 3) + -113 - (28 - (66 + -27)).
-109
Calculate (5 + -4 - (25 + -12 + -10)) + 5.
3
What is the value of 21 + (31 - (82 - 41))?
11
Calculate -51 - -84 - -58 - 91.
0
What is (17 - 3) + 8 + -72 + 3 + (-3 - 10)?
-60
Calculate 106 + -7 - (17 - (5 - -22) - (1 - 20)).
90
What is the value of -88 + 0 + 14 + -2 + (-31 - (-28 - -24))?
-103
46 - ((2 - 10) + 15 - -12)
27
Calculate 21 + -9 + 20 + (20 - 3) + -17.
32
Evaluate (75 - 102) + 15 - (0 - -28).
-40
Calculate 4 - 15 - (-281 - -282).
-12
What is 56 + (-8 - -17) + (-19 - -3) + 2?
51
Calculate -20 + (43 - 27) + -25.
-29
(-3 - 9) + (63 - 16) + (7 - 4)
38
Calculate 80 + (44 - 27) + -17.
80
Evaluate (-2 - -54) + (272 - 273) - 9.
42
What is -13 + -269 + 404 + (-8 - -2) + -23?
93
Calculate -1 + 85 + (3 + -55 - -5 - -69).
106
What is (-58 - 1) + -40 + -29 + (-41 - -97)?
-72
Calculate 3 + ((9 - 14 - 4) + 11 - -3) - -59.
67
What is -3 - (-31 + 26 + 12 - 9)?
-1
Evaluate -1 + 2 + -13 - (92 + 4 + (-36 - -52)).
-124
What is (-191 - -153) + (7 - -8) + 2?
-21
What is the value of (-57 - (-53 - -17)) + -52 + 27?
-46
What is 30 + -123 + 34 - -87?
28
Calculate -59 + 109 - (163 + -63).
-50
Calculate 1645 + -1575 - (155 - 2).
-83
What is 12 - 8 - (-1 + -2) - (-30 - (11 - 13))?
35
Evaluate (34 - (54 - 4)) + -7 - 49.
-72
Evaluate 560 + -463 - (-3 + 193).
-93
What is -3 + (17 - 22) + 0 + (-3 - 0)?
-11
What is -15 + (-75 + 47 - -24)?
-19
What is the value of -5 - 4 - (-37 + 11)?
17
Evaluate (-67 - (-3 - -7)) + -39 + 12 + 18.
-80
What is the value of -117 - -72 - (-1 + 26 - 9)?
-61
What is (286 - 305) + (150 - 2) - 16?
113
What is the value of -1644 - -1699 - (3 - -18) - (1 + 0 + -1)?
34
What is the value of -10 + -2 + 51 + (35 - 97)?
-23
What is 35 + -1 - (-874 - -1105) - -51?
-146
What is (32 - 14) + 4 + (-29 - -7)?
0
What is (-7 + (14 - -11) + -9 - 4) + -25?
-20
What is the value of (34 - (74 - 35)) + 182 + -42?
135
What is the value of -7975 - -8054 - (83 - -1)?
-5
What is the value of (1 + -38 - (-813 + 777)) + (-2 - -49)?
46
70 - (84 + -65 - -60)
-9
Evaluate -2136 + 2150 - (2 - 7 - (0 + -1 + -2)).
16
Calculate -7 + -4 + -25 + 27.
-9
What is 9 + (0 + -2 + 8 - (-4 + (-8 - -88)))?
-61
1 - (33 + 2 + 46 + -61 + -10)
-9
Evaluate (-11 + -46 - -36) + 15.
-6
Evaluate (-483 - -473) + (3 - 1 - 6 - -55).
41
Calculate 6 + (0 + 0 - -3) - (-675 + 629).
55
What is -7 + -6 + -30 + 2 + 0 - (15 + -7)?
-49
Evaluate -8 + -43 + 120 + -39.
30
Calculate (-1 - (2 - 59)) + -32.
24
Calculate -150 - ((13 - 11) + (-19 - -38) + -34).
-137
What is (-180 + 194 - (10 + 0)) + 29 + -9?
24
-57 - (30 + (30 - 111))
-6
Calculate -41 - 13 - -63 - -43.
52
Calculate (-22 - (-2 - 7) - (-3 - 5)) + (-35 - 1).
-41
-19 + 212 - (-168 + 267)
94
(116 - (-89 + 127)) + -120
-42
What is -14 + (24 - (-7 + 2 + 9)) - -44?
50
What is the value of (-114 + 198 - 40) + -4?
40
Calculate (16 + -24 - (-12 - -18)) + -30.
-44
117 + 89 + -246 - (-3 + 1)
-38
Evaluate 48 + -42 + (43 - 5) + 0 + 2 + 2.
48
Calculate 24 - 76 - -70 - -27.
45
Evaluate 32 + -140 + 40 - (-1 - 7 - 3).
-57
Evaluate (4 + -8 - -4) + (-47 - -47) + (-90 - 11).
-101
-105 + (16 - -19) + 51
-19
Evaluate (2 + 0 - (72 + -64)) + -68 + (9 - 20).
-85
Evaluate -24 + -8 - (-28 - -9).
-13
-14 - (-39 + 0 - -58)
-33
Evaluate -1 + 109 - (487 - 478 - (1 - -1 - -8)).
109
Evaluate -4 + -45 + (-4 - (8 + -5)) + -2 + 7.
-51
Evaluate 21 + -5 + -7 + (94 - 47).
56
Evaluate 198 - 227 - (-11 + 3).
-21
Calculate -103 + -62 + 57 + -18.
-126
What is the value of -14 - (5 + -5 + (49 - 44) - -11)?
-30
Calculate 373 + -362 + -22 + 2 - 4 - -149.
136
What is 60 - (22 + (-24 - 9)) - 17?
54
What is the value of (19 - (5 - 8)) + (0 - -9) + 5 - 7?
29
-16 + 82 - (22 + 93)
-49
((-3 - 3) + -2 - (-11 + (-14 - -12))) + 85
90
What is the value of (7 - (-29 - -11)) + (-614 - -594)?
5
Calculate 5 - (7 - -22) - (-130 + 125).
-19
22 + -71 - (-17 + 1)
-33
Calculate -2 - (-27 + 12 - -22 - 20 - -19).
-8
-232 + 206 + (5 - (-7 - (9 + -5)))
-10
What is 10 + 17 + 3 + (10 - (2 + 10))?
28
Calculate -5 + -1 + -1 + 11 + (-461 - -462) + 12.
17
Evaluate (-4 - -6 - -20) + (-6043 - -5994).
-27
What is 36 + -13 - -42 - 61?
4
What is -94 + (-68 + 45 - -78)?
-39
Evaluate 0 + -1 + (-56 - 91) + 136.
-12
Calculate (-1 - -1) + 24530 + -24502.
28
Calculate -218 - -282 - (13 - -1).
50
What is the value of (-1 - 11 - -22) + 28?
38
Evaluate -83 + 69 + (1 - (-11 - -12) - (-8 + -1)).
-5
What is -24 - -12 - -22 - (-2 + 8)?
4
Calculate -1 - -11 - (94 + -45 + 10).
-49
Evaluate -39 + 46 + -12 - (4 + 4).
-13
What is the value of -5 - 5 - (317 - 420)?
93
Calculate -4 + -4 - (-89 + -71 + 254).
-102
What is the value of 23 + (5 - (-6 + -4)) + -74?
-36
Evaluate (-140 - -131) + (-1 - -1) - ((-2 - -4) + 6).
-17
Evaluate (15 - -41) + 1 + 6 + -106 + 95.
52
(30 - 13) + -14 + -13 + -19
-29
What is -19 + -67 - -104 - (35 - 0)?
-17
Calculate -6 + -5 + 48 + -12 + -70.
-45
Evaluate (-1 - -18) + (-9 - 67) + 5.
-54
What is (-21 - ((-2 - 15) + -12)) + (-10 - 2)?
-4
What is the value of 8446 + -8346 + (4 + 19 - 0)?
123
Evaluate -57 + 58 - (2 + 37 + 0 + -4).
-34
Evaluate (104 - 0 - (-12 + (12 - (26 + -27)))) + -9.
94
What is the value of 475 + -312 - (86 + 16)?
61
Calculate (221 - 45 - 97) + 25.
104
Calculate -80 - (25 + (-40 - 12) - -13).
-66
Evaluate 31 - (-2 - (-3 + 10 + 15)).
55
Calculate -3 + -3 + ((4 - 100) + 25 + -26 - 14).
-117
(-5 + 22 - 26) + 6 + 16 + 2
15
-8 + -6 + (36 + -18 - 13) - (1 + -83)
73
Evaluate -9 - (-10 + -15 + -4) - -2 - -5.
27
-74 + -55 + 153 + 123
147
Calculate -55 + 42 + (31 - 7 - 36).
-25
What is the value of -5 + 1 + -2 + -2 - (87 - 103)?
8
What is 72 + 1 - ((32 - 76) + 25)?
92
0 - (1 - -23) - (57 - -121 - 189)
-13
Calculate 10 + 12 + (-48 - -1) + -1 - 6.
-32
Evaluate 0 + -57 - (-159 - (-244 - -90)).
-52
(87 - 44 - 45) + (1 + -1 - 72)
-74
Evaluate 28 - 15 - (-40 + 12 + 6).
35
What is the value of -126 + 130 + (-11 - 1) + -56 + 5?
-59
What is 18 + -54 + 37 + 26?
27
What is (-35 - -3) + 309 + -250?
27
What is -42 + (11 - -5 - (30 + -39))?
-17
Calculate 3 + -17 + 2 - (-16 + -10 + 17).
-3
What is -18 - (17 + (5 - 58))?
18
Evaluate (2 - 1) + (17 - (7 + 1 - 6)) + -12.
4
Evaluat